{"id":431,"date":"2014-03-17T10:58:39","date_gmt":"2014-03-17T10:58:39","guid":{"rendered":"http:\/\/demo.themegrill.com\/spacious\/?page_id=7"},"modified":"2019-12-17T04:27:42","modified_gmt":"2019-12-17T04:27:42","slug":"business-template","status":"publish","type":"page","link":"https:\/\/confetti.com.mx\/","title":{"rendered":"Home"},"content":{"rendered":"\n<figure class=\"wp-block-image alignfull\"><img loading=\"lazy\" width=\"1024\" height=\"376\" src=\"http:\/\/confetti.com.mx\/wp-content\/uploads\/2019\/08\/IMAGEN-PRINCIPAL-1024x376.png\" alt=\"\" class=\"wp-image-472\" srcset=\"https:\/\/confetti.com.mx\/wp-content\/uploads\/2019\/08\/IMAGEN-PRINCIPAL-1024x376.png 1024w, https:\/\/confetti.com.mx\/wp-content\/uploads\/2019\/08\/IMAGEN-PRINCIPAL-300x110.png 300w, https:\/\/confetti.com.mx\/wp-content\/uploads\/2019\/08\/IMAGEN-PRINCIPAL-768x282.png 768w, https:\/\/confetti.com.mx\/wp-content\/uploads\/2019\/08\/IMAGEN-PRINCIPAL-600x220.png 600w\" sizes=\"(max-width: 1024px) 100vw, 1024px\" \/><\/figure>\n\n\n\n<p class=\"has-medium-font-size\">Somos una consultor\u00eda con un equipo comprometido, apasionado y con&nbsp;expertise en diversas \u00e1reas. Aportamos&nbsp;acciones con una visi\u00f3n orientada a potenciar&nbsp;la&nbsp;productividad de tu empresa, el desarrollo del&nbsp;talento y el bienestar de t\u00fa personal.\u200b<\/p>\n\n\n\n<p class=\"has-medium-font-size\"><\/p>\n\n\n\n<p class=\"has-medium-font-size\">Queremos construir un mejor entorno, convirtiendo la relaci\u00f3n de negocio, en una relaci\u00f3n humana basada en confianza, crecimiento, colaboraci\u00f3n e inclusi\u00f3n en toda nuestra cadena de valor.\u200b<\/p><\/br><\/br>\n\n\n\n<h2>Propuesta de Valor<\/h2>\n\n\n\n<p class=\"has-medium-font-size\">Estamos claros de que tu y tus necesidades son \u00fanicas, es por eso que nuestra propuesta de valor es un traje a la medida. \nCon nuestras alternativas, solo tendr\u00e1s que decidir a que velocidad llegaremos a tus objetivos. <\/p><\/br><\/br>\n\n\n\n<div style=\"width: 20%;height: auto;margin-top: 15px;display: inline-block;padding: 5px;text-align:center;min-width: 175px;\">\n                <p style=\"color:#BE1522;text-align:center\" class=\"has-text-color has-medium-font-size wp-image-548\"> \n                    <b>A Patin!<b\/>                            \n                <\/p> \n                <img class=\"wp-image-751\" style=\"width: 90px;\" src=\"http:\/\/confetti.com.mx\/wp-content\/uploads\/2019\/09\/ApatinIMG.png\" alt=\"Apatin_IMG\">\n                <p style=\"color:#BE1522;text-align:center\" class=\"has-text-color has-normal-font-size wp-image-548\"> \n                    \u00a1Si se puede!\n                <\/p>\n                <p style=\"color:#BE1522;text-align:center\" class=\"has-text-color has-normal-font-size wp-image-548\">\n                    Vamos a paso firme y seguro.\n                <\/p>\n            <\/div>\n            <div style=\"width: 20%;height: auto;margin-top: 15px;display: inline-block;padding: 5px;text-align:center;min-width: 210px;\">\n                <p style=\"color:#244F9D;text-align:center\" class=\"has-text-color has-medium-font-size wp-image-548\"> \n                    <b>En Coche!<b\/> \n                <\/p>\n                <img class=\"wp-image-751\" style=\"width: 110px;\" src=\"http:\/\/confetti.com.mx\/wp-content\/uploads\/2019\/09\/EnCocheIMG.png\" alt=\"EnCoche_IMG\">\n                <p style=\"color:#244F9D;text-align:center\" class=\"has-text-color has-normal-font-size wp-image-548\">\n                    \u00a1Vamos a buena velocidad!\n                <\/p>\n                <p style=\"color:#244F9D;text-align:center\" class=\"has-text-color has-normal-font-size wp-image-548\">\n                    El objetivo parece estar m\u00e1s cerca.\u200b\n                <\/p>\n            <\/div>\n            <div style=\"width: 29%;height: auto;margin-top: 15px;display: inline-block;padding: 5px;text-align:center;min-width: 190px;\">\n                <p style=\"color:#169639;text-align:center\" class=\"has-text-color has-medium-font-size wp-image-548\"> \n                    <b>En Avion!<b\/>                    \n                <\/p> \n                <img class=\"wp-image-751\" style=\"width: 140px;\" src=\"http:\/\/confetti.com.mx\/wp-content\/uploads\/2019\/09\/EnAvionIMG.png\" alt=\"EnAvion_IMG\">\n                <p style=\"color:#169639;text-align:center\" class=\"has-text-color has-normal-font-size wp-image-548\"> \n                    \u00a1Vamos volando!\n                <\/p>\n                <p style=\"color:#169639;text-align:center\" class=\"has-text-color has-normal-font-size wp-image-548\">\n                    Con buenas bases y comunicaci\u00f3n adecuada, cumpliendo nuestros \u200bobjetivos.\n                <\/p>\n            <\/div>\n            <div style=\"width: 30%;height: auto;margin-top: 15px;display: inline-block;padding: 5px;text-align:center;min-width: 195px;\">\n                <p style=\"color:#E94E1B;text-align:center\" class=\"has-text-color has-medium-font-size wp-image-548\"> \n                    <b>En Cohete!<b\/>     \n                <\/p>\n                <img class=\"wp-image-751\" style=\"width: 170px;\" src=\"http:\/\/confetti.com.mx\/wp-content\/uploads\/2019\/09\/CONFETTI-35.png\" alt=\"EnCohete_IMG\">\n                <p style=\"color:#E94E1B;text-align:center\" class=\"has-text-color has-normal-font-size wp-image-548\"> \n                    \u00a1A m\u00e1xima velocidad!\n                <\/p>\n                <p style=\"color:#E94E1B;text-align:center\" class=\"has-text-color has-normal-font-size wp-image-548\">\n                    La estrategia, experiencia y eficacia, combinaci\u00f3n ganadora. El objetivo a un abrir y cerrar de ojos.\u200b                 \n                <\/p>\n            <\/div>\n","protected":false},"excerpt":{"rendered":"<p>Somos una consultor\u00eda con un equipo comprometido, apasionado y con&nbsp;expertise en diversas \u00e1reas. Aportamos&nbsp;acciones con una visi\u00f3n orientada a potenciar&nbsp;la&nbsp;productividad de tu empresa, el desarrollo del&nbsp;talento y el bienestar de t\u00fa personal.\u200b Queremos construir un mejor entorno, convirtiendo la relaci\u00f3n<\/p>\n","protected":false},"author":1,"featured_media":0,"parent":0,"menu_order":0,"comment_status":"closed","ping_status":"closed","template":"","meta":[],"yoast_head":"<!-- This site is optimized with the Yoast SEO plugin v14.2 - https:\/\/yoast.com\/wordpress\/plugins\/seo\/ -->\n<title>Home &bull; Confetti Consultores<\/title>\n<meta name=\"robots\" content=\"index, follow\" \/>\n<meta name=\"googlebot\" content=\"index, follow, max-snippet:-1, max-image-preview:large, max-video-preview:-1\" \/>\n<meta name=\"bingbot\" content=\"index, follow, max-snippet:-1, max-image-preview:large, max-video-preview:-1\" \/>\n<link rel=\"canonical\" href=\"https:\/\/confetti.com.mx\/\" \/>\n<meta property=\"og:locale\" content=\"es_MX\" \/>\n<meta property=\"og:type\" content=\"article\" \/>\n<meta property=\"og:title\" content=\"Home &bull; Confetti Consultores\" \/>\n<meta property=\"og:description\" content=\"Somos una consultor\u00eda con un equipo comprometido, apasionado y con&nbsp;expertise en diversas \u00e1reas. Aportamos&nbsp;acciones con una visi\u00f3n orientada a potenciar&nbsp;la&nbsp;productividad de tu empresa, el desarrollo del&nbsp;talento y el bienestar de t\u00fa personal.\u200b Queremos construir un mejor entorno, convirtiendo la relaci\u00f3n\" \/>\n<meta property=\"og:url\" content=\"https:\/\/confetti.com.mx\/\" \/>\n<meta property=\"og:site_name\" content=\"Confetti Consultores\" \/>\n<meta property=\"article:publisher\" content=\"https:\/\/www.facebook.com\/confetticonsultores\/\" \/>\n<meta property=\"article:modified_time\" content=\"2019-12-17T04:27:42+00:00\" \/>\n<meta property=\"og:image\" content=\"http:\/\/confetti.com.mx\/wp-content\/uploads\/2019\/08\/IMAGEN-PRINCIPAL-1024x376.png\" \/>\n<meta name=\"twitter:card\" content=\"summary_large_image\" \/>\n<meta name=\"twitter:creator\" content=\"@ConfettiSI\" \/>\n<meta name=\"twitter:site\" content=\"@ConfettiSI\" \/>\n<script type=\"application\/ld+json\" class=\"yoast-schema-graph\">{\"@context\":\"https:\/\/schema.org\",\"@graph\":[{\"@type\":\"Organization\",\"@id\":\"https:\/\/confetti.com.mx\/#organization\",\"name\":\"Confetti Consultores\",\"url\":\"https:\/\/confetti.com.mx\/\",\"sameAs\":[\"https:\/\/www.facebook.com\/confetticonsultores\/\",\"https:\/\/www.instagram.com\/confetticonsultores\/\",\"https:\/\/www.linkedin.com\/company\/confetti-consultores\/about\/\",\"https:\/\/twitter.com\/ConfettiSI\"],\"logo\":{\"@type\":\"ImageObject\",\"@id\":\"https:\/\/confetti.com.mx\/#logo\",\"inLanguage\":\"es-MX\",\"url\":\"https:\/\/confetti.com.mx\/wp-content\/uploads\/2019\/09\/LogoConfetti350x114_2019-09-02.png\",\"width\":350,\"height\":114,\"caption\":\"Confetti Consultores\"},\"image\":{\"@id\":\"https:\/\/confetti.com.mx\/#logo\"}},{\"@type\":\"WebSite\",\"@id\":\"https:\/\/confetti.com.mx\/#website\",\"url\":\"https:\/\/confetti.com.mx\/\",\"name\":\"Confetti Consultores\",\"description\":\"Lo hacemos divertido\",\"publisher\":{\"@id\":\"https:\/\/confetti.com.mx\/#organization\"},\"potentialAction\":[{\"@type\":\"SearchAction\",\"target\":\"https:\/\/confetti.com.mx\/?s={search_term_string}\",\"query-input\":\"required name=search_term_string\"}],\"inLanguage\":\"es-MX\"},{\"@type\":\"ImageObject\",\"@id\":\"https:\/\/confetti.com.mx\/#primaryimage\",\"inLanguage\":\"es-MX\",\"url\":\"http:\/\/confetti.com.mx\/wp-content\/uploads\/2019\/08\/IMAGEN-PRINCIPAL-1024x376.png\"},{\"@type\":\"WebPage\",\"@id\":\"https:\/\/confetti.com.mx\/#webpage\",\"url\":\"https:\/\/confetti.com.mx\/\",\"name\":\"Home &bull; Confetti Consultores\",\"isPartOf\":{\"@id\":\"https:\/\/confetti.com.mx\/#website\"},\"primaryImageOfPage\":{\"@id\":\"https:\/\/confetti.com.mx\/#primaryimage\"},\"datePublished\":\"2014-03-17T10:58:39+00:00\",\"dateModified\":\"2019-12-17T04:27:42+00:00\",\"inLanguage\":\"es-MX\",\"potentialAction\":[{\"@type\":\"ReadAction\",\"target\":[\"https:\/\/confetti.com.mx\/\"]}]}]}<\/script>\n<!-- \/ Yoast SEO plugin. -->","_links":{"self":[{"href":"https:\/\/confetti.com.mx\/index.php\/wp-json\/wp\/v2\/pages\/431"}],"collection":[{"href":"https:\/\/confetti.com.mx\/index.php\/wp-json\/wp\/v2\/pages"}],"about":[{"href":"https:\/\/confetti.com.mx\/index.php\/wp-json\/wp\/v2\/types\/page"}],"author":[{"embeddable":true,"href":"https:\/\/confetti.com.mx\/index.php\/wp-json\/wp\/v2\/users\/1"}],"replies":[{"embeddable":true,"href":"https:\/\/confetti.com.mx\/index.php\/wp-json\/wp\/v2\/comments?post=431"}],"version-history":[{"count":66,"href":"https:\/\/confetti.com.mx\/index.php\/wp-json\/wp\/v2\/pages\/431\/revisions"}],"predecessor-version":[{"id":849,"href":"https:\/\/confetti.com.mx\/index.php\/wp-json\/wp\/v2\/pages\/431\/revisions\/849"}],"wp:attachment":[{"href":"https:\/\/confetti.com.mx\/index.php\/wp-json\/wp\/v2\/media?parent=431"}],"curies":[{"name":"wp","href":"https:\/\/api.w.org\/{rel}","templated":true}]}}